{"id":279,"date":"2024-02-10T15:10:19","date_gmt":"2024-02-10T14:10:19","guid":{"rendered":"https:\/\/www.turquie-passion.com\/?page_id=279"},"modified":"2024-02-24T15:39:13","modified_gmt":"2024-02-24T14:39:13","slug":"welcome-bienvenue-hosgeldiniz","status":"publish","type":"page","link":"https:\/\/www.turquie-passion.com\/","title":{"rendered":"WELCOME, BIENVENUE, HO\u015eGELDINIZ"},"content":{"rendered":"\t\t<div data-elementor-type=\"wp-page\" data-elementor-id=\"279\" class=\"elementor elementor-279\">\n\t\t\t\t<div class=\"elementor-element elementor-element-71fbc21b e-flex e-con-boxed e-con e-parent\" data-id=\"71fbc21b\" data-element_type=\"container\" id=\"accueil\" data-settings=\"{&quot;content_width&quot;:&quot;boxed&quot;}\" data-core-v316-plus=\"true\">\n\t\t\t\t\t<div class=\"e-con-inner\">\n\t\t\t\t<div class=\"elementor-element elementor-element-59394c25 elementor-widget elementor-widget-text-editor\" data-id=\"59394c25\" data-element_type=\"widget\" data-widget_type=\"text-editor.default\">\n\t\t\t\t<div class=\"elementor-widget-container\">\n\t\t\t<style>\/*! elementor - v3.19.0 - 07-02-2024 *\/\n.elementor-widget-text-editor.elementor-drop-cap-view-stacked .elementor-drop-cap{background-color:#69727d;color:#fff}.elementor-widget-text-editor.elementor-drop-cap-view-framed .elementor-drop-cap{color:#69727d;border:3px solid;background-color:transparent}.elementor-widget-text-editor:not(.elementor-drop-cap-view-default) .elementor-drop-cap{margin-top:8px}.elementor-widget-text-editor:not(.elementor-drop-cap-view-default) .elementor-drop-cap-letter{width:1em;height:1em}.elementor-widget-text-editor .elementor-drop-cap{float:left;text-align:center;line-height:1;font-size:50px}.elementor-widget-text-editor .elementor-drop-cap-letter{display:inline-block}<\/style>\t\t\t\t<h2 style=\"text-align: center;\"><em>A votre service depuis 1985, notre \u00e9quipe Turque francophone et Fran\u00e7aise organise pour vos groupes, \u00e0 Istanbul et partout en Turquie, vos voyages culturels et professionnels. D\u00e9couvertes insolites, circuits \u00e0 th\u00e8mes dans toute l&rsquo;Anatolie, congr\u00e8s et s\u00e9minaires, missions parlementaires, voyages de presse, fixing m\u00e9dia et cin\u00e9ma, et tout voyage \u00ab\u00a0pointu\u00a0\u00bb n\u00e9cessitant une attention toute particuli\u00e8re.\u00a0<\/em><\/h2>\t\t\t\t\t\t<\/div>\n\t\t\t\t<\/div>\n\t\t\t\t\t<\/div>\n\t\t\t\t<\/div>\n\t\t\t\t<\/div>\n\t\t","protected":false},"excerpt":{"rendered":"<p>A votre service depuis 1985, notre \u00e9quipe Turque francophone et Fran\u00e7aise organise pour vos groupes, \u00e0 Istanbul et partout en Turquie, vos voyages culturels et professionnels. D\u00e9couvertes insolites, circuits \u00e0 th\u00e8mes dans toute l&rsquo;Anatolie, congr\u00e8s et s\u00e9minaires, missions parlementaires, voyages de presse, fixing m\u00e9dia et cin\u00e9ma, et tout voyage \u00ab\u00a0pointu\u00a0\u00bb n\u00e9cessitant une attention toute particuli\u00e8re.\u00a0<\/p>\n","protected":false},"author":1,"featured_media":0,"parent":0,"menu_order":0,"comment_status":"closed","ping_status":"closed","template":"","meta":{"footnotes":""},"class_list":["post-279","page","type-page","status-publish","hentry"],"yoast_head":"<!-- This site is optimized with the Yoast SEO plugin v22.0 - https:\/\/yoast.com\/wordpress\/plugins\/seo\/ -->\n<title>WELCOME, BIENVENUE, HO\u015eGELDINIZ - Turquie Passion - premier r\u00e9ceptif francophone en turquie<\/title>\n<meta name=\"robots\" content=\"index, follow, max-snippet:-1, max-image-preview:large, max-video-preview:-1\" \/>\n<link rel=\"canonical\" href=\"https:\/\/www.turquie-passion.com\/\" \/>\n<meta property=\"og:locale\" content=\"fr_FR\" \/>\n<meta property=\"og:type\" content=\"article\" \/>\n<meta property=\"og:title\" content=\"WELCOME, BIENVENUE, HO\u015eGELDINIZ - Turquie Passion - premier r\u00e9ceptif francophone en turquie\" \/>\n<meta property=\"og:description\" content=\"A votre service depuis 1985, notre \u00e9quipe Turque francophone et Fran\u00e7aise organise pour vos groupes, \u00e0 Istanbul et partout en Turquie, vos voyages culturels et professionnels. D\u00e9couvertes insolites, circuits \u00e0 th\u00e8mes dans toute l&rsquo;Anatolie, congr\u00e8s et s\u00e9minaires, missions parlementaires, voyages de presse, fixing m\u00e9dia et cin\u00e9ma, et tout voyage \u00ab\u00a0pointu\u00a0\u00bb n\u00e9cessitant une attention toute particuli\u00e8re.\u00a0\" \/>\n<meta property=\"og:url\" content=\"https:\/\/www.turquie-passion.com\/\" \/>\n<meta property=\"og:site_name\" content=\"Turquie Passion - premier r\u00e9ceptif francophone en turquie\" \/>\n<meta property=\"article:modified_time\" content=\"2024-02-24T14:39:13+00:00\" \/>\n<meta name=\"twitter:card\" content=\"summary_large_image\" \/>\n<meta name=\"twitter:label1\" content=\"Dur\u00e9e de lecture estim\u00e9e\" \/>\n\t<meta name=\"twitter:data1\" content=\"1 minute\" \/>\n<script type=\"application\/ld+json\" class=\"yoast-schema-graph\">{\"@context\":\"https:\/\/schema.org\",\"@graph\":[{\"@type\":\"WebPage\",\"@id\":\"https:\/\/www.turquie-passion.com\/\",\"url\":\"https:\/\/www.turquie-passion.com\/\",\"name\":\"WELCOME, BIENVENUE, HO\u015eGELDINIZ - Turquie Passion - premier r\u00e9ceptif francophone en turquie\",\"isPartOf\":{\"@id\":\"https:\/\/www.turquie-passion.com\/#website\"},\"datePublished\":\"2024-02-10T14:10:19+00:00\",\"dateModified\":\"2024-02-24T14:39:13+00:00\",\"breadcrumb\":{\"@id\":\"https:\/\/www.turquie-passion.com\/#breadcrumb\"},\"inLanguage\":\"fr-FR\",\"potentialAction\":[{\"@type\":\"ReadAction\",\"target\":[\"https:\/\/www.turquie-passion.com\/\"]}]},{\"@type\":\"BreadcrumbList\",\"@id\":\"https:\/\/www.turquie-passion.com\/#breadcrumb\",\"itemListElement\":[{\"@type\":\"ListItem\",\"position\":1,\"name\":\"Accueil\",\"item\":\"https:\/\/www.turquie-passion.com\/\"},{\"@type\":\"ListItem\",\"position\":2,\"name\":\"WELCOME, BIENVENUE, HO\u015eGELDINIZ\"}]},{\"@type\":\"WebSite\",\"@id\":\"https:\/\/www.turquie-passion.com\/#website\",\"url\":\"https:\/\/www.turquie-passion.com\/\",\"name\":\"Turquie Passion - premier r\u00e9ceptif francophone en turquie\",\"description\":\"SINCE 1985\",\"potentialAction\":[{\"@type\":\"SearchAction\",\"target\":{\"@type\":\"EntryPoint\",\"urlTemplate\":\"https:\/\/www.turquie-passion.com\/?s={search_term_string}\"},\"query-input\":\"required name=search_term_string\"}],\"inLanguage\":\"fr-FR\"}]}<\/script>\n<!-- \/ Yoast SEO plugin. -->","yoast_head_json":{"title":"WELCOME, BIENVENUE, HO\u015eGELDINIZ - Turquie Passion - premier r\u00e9ceptif francophone en turquie","robots":{"index":"index","follow":"follow","max-snippet":"max-snippet:-1","max-image-preview":"max-image-preview:large","max-video-preview":"max-video-preview:-1"},"canonical":"https:\/\/www.turquie-passion.com\/","og_locale":"fr_FR","og_type":"article","og_title":"WELCOME, BIENVENUE, HO\u015eGELDINIZ - Turquie Passion - premier r\u00e9ceptif francophone en turquie","og_description":"A votre service depuis 1985, notre \u00e9quipe Turque francophone et Fran\u00e7aise organise pour vos groupes, \u00e0 Istanbul et partout en Turquie, vos voyages culturels et professionnels. D\u00e9couvertes insolites, circuits \u00e0 th\u00e8mes dans toute l&rsquo;Anatolie, congr\u00e8s et s\u00e9minaires, missions parlementaires, voyages de presse, fixing m\u00e9dia et cin\u00e9ma, et tout voyage \u00ab\u00a0pointu\u00a0\u00bb n\u00e9cessitant une attention toute particuli\u00e8re.\u00a0","og_url":"https:\/\/www.turquie-passion.com\/","og_site_name":"Turquie Passion - premier r\u00e9ceptif francophone en turquie","article_modified_time":"2024-02-24T14:39:13+00:00","twitter_card":"summary_large_image","twitter_misc":{"Dur\u00e9e de lecture estim\u00e9e":"1 minute"},"schema":{"@context":"https:\/\/schema.org","@graph":[{"@type":"WebPage","@id":"https:\/\/www.turquie-passion.com\/","url":"https:\/\/www.turquie-passion.com\/","name":"WELCOME, BIENVENUE, HO\u015eGELDINIZ - Turquie Passion - premier r\u00e9ceptif francophone en turquie","isPartOf":{"@id":"https:\/\/www.turquie-passion.com\/#website"},"datePublished":"2024-02-10T14:10:19+00:00","dateModified":"2024-02-24T14:39:13+00:00","breadcrumb":{"@id":"https:\/\/www.turquie-passion.com\/#breadcrumb"},"inLanguage":"fr-FR","potentialAction":[{"@type":"ReadAction","target":["https:\/\/www.turquie-passion.com\/"]}]},{"@type":"BreadcrumbList","@id":"https:\/\/www.turquie-passion.com\/#breadcrumb","itemListElement":[{"@type":"ListItem","position":1,"name":"Accueil","item":"https:\/\/www.turquie-passion.com\/"},{"@type":"ListItem","position":2,"name":"WELCOME, BIENVENUE, HO\u015eGELDINIZ"}]},{"@type":"WebSite","@id":"https:\/\/www.turquie-passion.com\/#website","url":"https:\/\/www.turquie-passion.com\/","name":"Turquie Passion - premier r\u00e9ceptif francophone en turquie","description":"SINCE 1985","potentialAction":[{"@type":"SearchAction","target":{"@type":"EntryPoint","urlTemplate":"https:\/\/www.turquie-passion.com\/?s={search_term_string}"},"query-input":"required name=search_term_string"}],"inLanguage":"fr-FR"}]}},"_links":{"self":[{"href":"https:\/\/www.turquie-passion.com\/index.php\/wp-json\/wp\/v2\/pages\/279","targetHints":{"allow":["GET"]}}],"collection":[{"href":"https:\/\/www.turquie-passion.com\/index.php\/wp-json\/wp\/v2\/pages"}],"about":[{"href":"https:\/\/www.turquie-passion.com\/index.php\/wp-json\/wp\/v2\/types\/page"}],"author":[{"embeddable":true,"href":"https:\/\/www.turquie-passion.com\/index.php\/wp-json\/wp\/v2\/users\/1"}],"replies":[{"embeddable":true,"href":"https:\/\/www.turquie-passion.com\/index.php\/wp-json\/wp\/v2\/comments?post=279"}],"version-history":[{"count":12,"href":"https:\/\/www.turquie-passion.com\/index.php\/wp-json\/wp\/v2\/pages\/279\/revisions"}],"predecessor-version":[{"id":431,"href":"https:\/\/www.turquie-passion.com\/index.php\/wp-json\/wp\/v2\/pages\/279\/revisions\/431"}],"wp:attachment":[{"href":"https:\/\/www.turquie-passion.com\/index.php\/wp-json\/wp\/v2\/media?parent=279"}],"curies":[{"name":"wp","href":"https:\/\/api.w.org\/{rel}","templated":true}]}}